factor of 4329 and 117.
117
What is the highest common divisor of 4 and 130?
2
What is the highest common divisor of 944 and 59?
59
What is the highest common divisor of 65 and 169?
13
What is the highest common factor of 5125 and 1845?
205
What is the highest common factor of 1463 and 561?
11
Calculate the greatest common divisor of 141 and 188.
47
Calculate the highest common divisor of 428 and 16.
4
What is the highest common factor of 2 and 128?
2
Calculate the greatest common factor of 35 and 1575.
35
Calculate the greatest common factor of 70 and 6320.
10
What is the greatest common divisor of 79 and 79?
79
Calculate the highest common factor of 71 and 6532.
71
Calculate the highest common factor of 256 and 8.
8
What is the highest common factor of 649 and 11?
11
Calculate the greatest common divisor of 18 and 477.
9
What is the greatest common factor of 139 and 5699?
139
Calculate the greatest common divisor of 7 and 749.
7
What is the greatest common factor of 24 and 3288?
24
Calculate the greatest common factor of 9072 and 243.
81
What is the highest common factor of 99 and 90?
9
Calculate the greatest common factor of 1377 and 17.
17
Calculate the highest common divisor of 810 and 105.
15
What is the greatest common divisor of 8874 and 408?
102
Calculate the highest common factor of 14663 and 43.
43
What is the greatest common divisor of 10 and 890?
10
What is the highest common factor of 539 and 1232?
77
Calculate the highest common divisor of 8 and 3.
1
Calculate the greatest common divisor of 1440 and 45.
45
What is the highest common divisor of 12 and 88?
4
Calculate the highest common divisor of 6388 and 4.
4
Calculate the greatest common divisor of 40 and 1480.
40
Calculate the highest common factor of 12 and 39.
3
Calculate the greatest common factor of 20648 and 464.
232
Calculate the highest common factor of 3129 and 21.
21
Calculate the highest common factor of 44217 and 102.
51
What is the greatest common factor of 88 and 22?
22
What is the highest common divisor of 481 and 851?
37
Calculate the highest common factor of 2810 and 2529.
281
What is the greatest common divisor of 6592 and 103?
103
Calculate the greatest common factor of 750 and 2050.
50
Calculate the highest common divisor of 54 and 34.
2
What is the highest common factor of 244 and 41236?
244
Calculate the greatest common factor of 464 and 36.
4
Calculate the greatest common factor of 3270 and 20.
10
Calculate the highest common divisor of 174 and 12.
6
What is the greatest common divisor of 80 and 230?
10
Calculate the greatest common divisor of 16 and 432.
16
What is the greatest common factor of 817 and 95?
19
Calculate the greatest common divisor of 12 and 9276.
12
Calculate the greatest common factor of 2116 and 1564.
92
Calculate the highest common factor of 3630 and 220.
110
Calculate the greatest common divisor of 750 and 90.
30
What is the highest common divisor of 7183 and 187?
11
Calculate the greatest common factor of 244 and 4.
4
What is the greatest common factor of 4096 and 1152?
128
Calculate the greatest common factor of 555 and 7881.
111
Calculate the greatest common factor of 14 and 13993.
7
What is the greatest common factor of 712 and 267?
89
What is the highest common factor of 114 and 494?
38
Calculate the highest common factor of 484 and 33.
11
Calculate the highest common divisor of 72 and 1845.
9
Calculate the greatest common divisor of 68 and 6171.
17
Calculate the greatest common divisor of 145 and 58.
29
Calculate the greatest common divisor of 60 and 192.
12
Calculate the greatest common divisor of 8601 and 141.
141
Calculate the highest common divisor of 374 and 198.
22
Calculate the greatest common divisor of 15 and 105.
15
What is the greatest common divisor of 18 and 6822?
18
What is the highest common factor of 2318 and 122?
122
What is the highest common divisor of 60 and 680?
20
Calculate the greatest common factor of 10 and 1810.
10
Calculate the greatest common factor of 370 and 10.
10
Calculate the highest common factor of 16 and 104.
8
What is the highest common factor of 339 and 16950?
339
Calculate the highest common divisor of 686 and 70.
14
Calculate the greatest common divisor of 10293 and 1692.
141
What is the highest common factor of 365 and 5?
5
What is the highest common divisor of 460 and 184?
92
What is the highest common factor of 8 and 2564?
4
Calculate the greatest common divisor of 215 and 5375.
215
What is the highest common divisor of 432 and 40?
8
Calculate the greatest common factor of 82 and 697.
41
Calculate the highest common divisor of 45 and 27.
9
What is the greatest common divisor of 276 and 2852?
92
What is the greatest common factor of 621 and 46?
23
Calculate the greatest common divisor of 185 and 148.
37
What is the highest common factor of 141 and 95175?
141
What is the highest common divisor of 4924 and 4?
4
What is the greatest common divisor of 1584 and 924?
132
Calculate the highest common divisor of 13 and 3328.
13
What is the greatest common divisor of 2074 and 68?
34
What is the greatest common divisor of 62 and 279?
31
Calculate the greatest common factor of 555 and 30.
15
Calculate the highest common divisor of 351 and 312.
39
What is the greatest common factor of 468 and 3393?
117
What is the highest common divisor of 638 and 522?
58
Calculate the greatest common factor of 108 and 180.
36
Calculate the highest common divisor of 166 and 4067.
83
Calculate the greatest common factor of 35 and 55.
5
What is the greatest common divisor of 59 and 2537?
59
Calculate the greatest common divisor of 178 and 120.
2
What is the greatest common factor of 22325 and 47?
47
Calculate the greatest common divisor of 37412 and 188.
188
Calculate the greatest common factor of 208 and 16.
16
Calculate the greatest common factor of 3294 and 244.
122
What is the highest common divisor of 1593 and 118?
59
Calculate the greatest common factor of 1508 and 5.
1
Calculate the greatest common factor of 210 and 1785.
105
What is the highest common divisor of 80 and 730?
10
Calculate the greatest common divisor of 140 and 56.
28
Calculate the greatest common factor of 240 and 2220.
60
What is the highest common divisor of 1249 and 1?
1
What is the greatest common divisor of 260 and 5120?
20
What is the greatest common divisor of 76 and 95?
19
What is the highest common divisor of 847 and 21?
7
Calculate the greatest common factor of 126 and 1566.
18
What is the highest common divisor of 12787 and 19?
19
What is the greatest common divisor of 83 and 166?
83
Calculate the highest common factor of 115 and 45.
5
Calculate the greatest common divisor of 315 and 270.
45
Calculate the greatest common divisor of 441 and 9.
9
Calculate the highest common divisor of 608 and 95.
19
What is the highest common divisor of 735 and 399?
21
What is the greatest common factor of 13475 and 70?
35
What is the highest common divisor of 12 and 171732?
12
What is the highest common divisor of 8 and 296?
8
What is the highest common factor of 90 and 140?
10
What is the greatest common factor of 351 and 13?
13
Calculate the greatest common divisor of 22795 and 235.
235
Calculate the greatest common factor of 6 and 30.
6
Calculate the greatest common factor of 19 and 57.
19
What is the highest common factor of 87 and 464?
29
What is the greatest common factor of 10 and 230?
10
Calculate the highest common factor of 1333 and 31.
31
Calculate the greatest common factor of 63 and 171.
9
What is the greatest common divisor of 68 and 374?
34
What is the greatest common divisor of 19 and 1007?
19
Calculate the greatest common factor of 14 and 31.
1
What is the highest common divisor of 144 and 1620?
36
Calculate the highest common factor of 35295 and 195.
195
Calculate the highest common factor of 72 and 900.
36
Calculate the greatest common divisor of 273 and 39.
39
Calculate the greatest common factor of 1292 and 76.
76
What is the greatest common factor of 261 and 99?
9
Calculate the highest common divisor of 108 and 336.
12
What is the greatest common factor of 981 and 9?
9
What is the highest common factor of 7 and 28?
7
Calculate the greatest common factor of 51 and 17.
17
What is the greatest common divisor of 1937 and 143?
13